5, -2*b - g + 16 = -4*g. Let z be x(b). What is the greatest common factor of 8 and z?
2
Let c = 103 + -70. Let y be (-10)/(-4) + (-1)/(-2). What is the greatest common factor of y and c?
3
Suppose -3*x - 2*x = -20, -2*x = -2*a - 4. Suppose -h + 4 = -2. What is the highest common factor of a and h?
2
Let p(d) = -d**3 - 6*d**2 - 10*d - 7. Let k be p(-5). Calculate the greatest common factor of 9 and k.
9
Let n(p) = -50*p + 1. Let t be n(-1). Suppose -r + 2*s = 3*s - 29, -3*s - 185 = -5*r. What is the greatest common factor of r and t?
17
Let o be (48/(-14))/(8/(-28)). What is the greatest common factor of o and 108?
12
Let h = -12 + 36. Calculate the greatest common factor of h and 36.
12
Suppose -100 = -4*q + 92. Suppose -792 = -5*s + s. Suppose 38 = -5*g + s. Calculate the highest common divisor of g and q.
16
Let g = -13 - -14. Suppose 5*p = -4*c + 53, c - 2*c + p + 2 = 0. Let h(o) = -o**2 + 8*o + 3. Let q be h(c). Calculate the highest common factor of g and q.
1
Let w(b) = b - 3. Let f be w(3). Suppose x + 2*u - 13 = 0, f = -2*x + 5*u + 26 - 0. What is the highest common factor of 39 and x?
13
Suppose c = -3*c + 48. What is the greatest common divisor of c and 3?
3
Suppose 0*b - b = 0. Suppose -2*t = 3*i + 8, 4*i = t - i - 22. Suppose -t*c - 5*x + 1 = 0, 3 + b = -x. What is the greatest common divisor of c and 2?
2
Suppose 4*c - 136 = -4*s, 0 + 6 = -3*s. What is the highest common factor of 162 and c?
18
Let p = -8 - -64. What is the highest common divisor of p and 14?
14
Let q be -2*3/12*-2. Let k(l) = 19*l**3 - l**2 - l + 1. Let j be k(q). Let t = -47 - -119. Calculate the highest common divisor of t and j.
18
Suppose 4*j - 17 = -a, a + 4*a = -3*j. Let h be 31/2 + a/6. Suppose 0 = 8*q - 3*q - h. What is the greatest common factor of q and 6?
3
Suppose 0*z + z = w + 1, 0 = -z + 2. Let s(l) = 2*l - 2. Let q be s(4). Let o = q + -1. Calculate the greatest common factor of w and o.
1
Suppose 3*z + 21 + 22 = m, 0 = -3*m + 4*z + 104. Calculate the highest common divisor of m and 56.
28
Let y be (3 - 2)/((-4)/(-700)). Suppose -47 = 4*x - y. Suppose 64 = 5*g - 16. Calculate the greatest common factor of g and x.
16
Suppose 0*s - 4*s + 16 = 0. Suppose s*v = 4*x - 0*v, -3*x + v = -10. What is the highest common divisor of 40 and x?
5
Let m be (-665)/(-45) - 2/(-9). Calculate the highest common divisor of 10 and m.
5
Let f be -3*((-32)/(-6))/2. Let i = f + 20. What is the greatest common factor of i and 48?
12
Let k(p) = 253*p**3 + p - 1. Let v be k(1). Suppose -v = -5*r + 107. What is the greatest common divisor of r and 8?
8
Suppose 5*f = -4*f + 648. Calculate the highest common divisor of f and 9.
9
Suppose -26*h - 160 = -28*h. What is the greatest common divisor of 20 and h?
20
Let g be (4/(-6) - -2)*15. Suppose -m + 3*m = g. Calculate the highest common divisor of 2 and m.
2
Suppose -c - 3*n = -13 - 14, 152 = 5*c - 2*n. Let f = 75 + c. Calculate the highest common factor of f and 15.
15
Let l be (-15)/9 - 62/(-3). What is the greatest common divisor of l and 19?
19
Let t be 14/2 + (-1 - 0). Let j be t/(-4)*(-4)/6. What is the greatest common factor of 3 and j?
1
Let z = 161 + -86. Calculate the highest common divisor of 50 and z.
25
Let l be -1 - (1 + (-3 - 3)). Suppose l*i = -i + 70. What is the greatest common divisor of i and 98?
14
Let n(t) = t**3 + t**2 + t + 1. Let z be 4/16 - (-1)/(-4). Let h be n(z). Calculate the highest common divisor of h and 1.
1
Suppose -4*d = -4*z - d + 67, 19 = z - 3*d. What is the highest common factor of 48 and z?
16
Let a(d) = d + 5. Let h be a(0). Suppose 2*z - 4 = -0*z. Suppose s + 1 = -0*s, z*s = -n + 28. What is the greatest common factor of n and h?
5
Let q be 243/15 - 2/10. Let a(t) = 4*t - 4. Let l be a(7). Calculate the greatest common divisor of l and q.
8
Let t = 88 - -11. Let g = 179 - t. Suppose g = -2*u + 6*u. Calculate the highest common divisor of u and 50.
10
Let m = -2 - -5. Let r = m + -9. Let h(u) = -u**3 - 5*u**2 + 3*u - 6. Let c be h(r). Calculate the greatest common factor of 36 and c.
12
Let a be 2*((-18)/(-4) - 3). Suppose 22 = -0*j + j + a*b, -5*b = 5*j - 110. What is the greatest common factor of 55 and j?
11
Suppose -5*n = -64 + 14. Let r be (-2)/(4/(-882)) + -1. Suppose 0 = j - 5*j + r. Calculate the greatest common divisor of j and n.
10
Suppose 2*v - u - 42 = 4*v, 5*v = -3*u - 107. Let c = v + 84. What is the greatest common divisor of c and 26?
13
Let q be 243/12 + 5/(-20). Calculate the highest common divisor of q and 100.
20
Let j be (-7 - 2)*-7*2/6. Calculate the highest common divisor of j and 12.
3
Let g(z) = -z**2 + 9*z - 10. Let r be g(7). Suppose 2*v - 45 = -y, 5*v - 180 = -r*y + v. Calculate the greatest common divisor of 15 and y.
15
Suppose 4*z - 116 = 332. What is the highest common factor of z and 16?
16
Let g be (-580)/24 + 2/12. Let z = g - -94. Calculate the highest common factor of 28 and z.
14
Suppose x - 11 = 54. Suppose 11*q - 56 + 1 = 0. Suppose -185 = -q*r - x. Calculate the highest common factor of r and 8.
8
Let x be 15/(-9) + (-46)/(-6). Calculate the highest common factor of 30 and x.
6
Let a = 0 + -1. Let h be 3 + (a - (-1 + 1)). Let f be h + ((-6)/(-3) - 1). What is the greatest common divisor of 9 and f?
3
Let n(h) = h**2 - 5*h + 15. Let c be n(6). Suppose -6*x - 3 = -c. What is the highest common divisor of 3 and x?
3
Suppose 0 = -4*k - 3*t + 478 + 334, -4*t = -2*k + 384. What is the highest common divisor of 20 and k?
20
Let t be -1 - 2/(2/(-9)). Suppose k = 4*d - t, -3*d + 4 = 1. Let g be (-2 - -12) + (-2 - k). What is the greatest common factor of g and 24?
12
Suppose 0*f - 90 = 3*f. Let m = -15 - f. What is the greatest common factor of 105 and m?
15
Suppose 5*i = 4*s - 63, -i + 18 = s - 3*i. What is the greatest common divisor of 12 and s?
12
Suppose 4*k + 159 = 39. Let d be (-1)/(1*3/k). What is the highest common divisor of 15 and d?
5
Suppose -44 = -3*s - 8. Calculate the highest common divisor of s and 8.
4
Let p = 53 - 25. Calculate the highest common divisor of p and 7.
7
Let b(x) = x**3 + 13*x**2 - 14*x + 14. Let w be b(-14). What is the highest common divisor of 98 and w?
14
Let b(l) = l + 8. Let i be b(-4). Let j(h) = h**2 + h - 8. Let f be j(7). Suppose -f = -i*a - 0*a. What is the highest common factor of a and 36?
12
Suppose -16 = 5*c - 7*c. Let z be 12/(-10)*280/(-6). Calculate the greatest common divisor of c and z.
8
Let s = 13 + -10. Calculate the highest common divisor of 3 and s.
3
Let h be 3/(-6) + (-244)/(-8). Let m = 18 - -2. What is the highest common factor of m and h?
10
Let f = 8 - 4. Suppose -14 + 50 = f*z. Let n be (9/(-15))/((-3)/15). What is the highest common factor of z and n?
3
Suppose -11 - 1 = -4*n. Calculate the highest common factor of n and 15.
3
Suppose 0 = n + 3*m - 266, 0*m = m + 2. What is the greatest common factor of 34 and n?
34
Let c be 0 + 19 + -3 - -1. Suppose -t = -2*t + c. What is the highest common divisor of t and 119?
17
Let i(d) = -2*d - 32. Let m be i(-21). Calculate the greatest common divisor of m and 60.
10
Let j(u) = 15*u - 15. Let z be j(7). Calculate the highest common divisor of z and 18.
18
Let q(w) = -1 + w - 3*w**2 + 13 + 2*w**2. Let i be q(0). Let b be ((-14)/(-4))/((-3)/(-72)). Calculate the greatest common factor of b and i.
12
Let l(a) = a + 15. Let m = -5 + -3. Let x be l(m). What is the highest common factor of x and 63?
7
Let t be 0 + (-6)/(-1 - 0). Let o = 11 - t. Suppose 43 - 193 = -o*k. What is the highest common factor of k and 10?
10
Let c = 3 + -9. Let p be (-8)/c*(-12)/(-8). Calculate the greatest common divisor of p and 4.
2
Let b be 8*(99/18 + 5). Let f(z) = 2*z**2 - 2*z + 4. Let r be f(-3). Calculate the highest common factor of b and r.
28
Let f be 1/(-5) + (-138)/(-15). Calculate the highest common factor of f and 18.
9
Let z(p) be the first derivative of 9*p**2 - 1. Let x be z(1). What is the greatest common factor of x and 36?
18
Suppose -2*m + 103 = 3*m + b, -5*m + 5*b = -115. Calculate the greatest common factor of 7 and m.
7
Suppose 71 = 7*a - 83. Calculate the greatest common divisor of 22 and a.
22
Let x(f) = -f**2 - 4*f + 6. Let p be x(-7). Let r be (-6)/p + 356/10. Calculate the greatest common divisor of r and 4.
4
Let s be -2 + (2 - -23)*1. Let g 